31 + -206. What are the prime factors of t?
3, 5
Suppose -3*v - 2*v = 35. Let k = v - -3. Let a = k - -15. What are the prime factors of a?
11
Let b(y) = -43*y - 9. What are the prime factors of b(-5)?
2, 103
Let t be -2*(2 + (-5)/2). Let g(s) = s + 11. Let y be g(-6). Let m = y - t. What are the prime factors of m?
2
Suppose 0 = 4*n - 4 - 0, 2*f + 5*n - 13 = 0. Suppose f*p = 2*x - 20 - 14, -4*x + 5*p = -65. List the prime factors of x.
3, 5
Suppose -2*a + 3*n + 126 = a, 4*a - 168 = -3*n. What are the prime factors of a?
2, 3, 7
Let r = 3 - 2. Let a(b) = -b**2 + b - 1. Let v(p) = 4*p**2 + 5*p - 10. Let m(g) = r*v(g) + 3*a(g). List the prime factors of m(-10).
7
Suppose -48 = -y - 2*y. What are the prime factors of 304/22 - y/(-88)?
2, 7
Let x(r) = -3*r - 4. Let d be x(-5). Suppose 6*h + 130 = d*h. Let j = -17 + h. List the prime factors of j.
3
Let s be -1 + -8 + 4 + -1. Let k be ((-2)/3)/(s/45). What are the prime factors of 69/k + (-7)/(-35)?
2, 7
Let f = -2 + 5. Let m be (-4)/f + 6/18. List the prime factors of (-2 + 1)*5/m.
5
Let m = -2 + 6. Let h(l) = -l + m + 4*l - 6. What are the prime factors of h(2)?
2
Let d(v) = -2*v + 3. What are the prime factors of d(-11)?
5
Let w(t) = t**3 - 5*t**2 - t + 3. Let c be w(5). What are the prime factors of (c - -3)/((-1)/(-17))?
17
Let o be -2 + 6/(-1 + 4). Let j be (0 - o)/(7 + -5). Let l(f) = -f + 2. List the prime factors of l(j).
2
Let m(u) = -3*u**3 - 3*u**2 + 3*u - 3. Let p be m(-3). Suppose 0*o - 3*o = p. What are the prime factors of o/(-6) - (-2)/(-6)?
2
Let q(d) = -d + 1. Let t(v) = -6*v + 1. Let a(p) = 5*q(p) - t(p). What are the prime factors of a(0)?
2
Suppose -1 = 2*q - 11. Let b(u) = 14*u + 5. Let g be b(q). Suppose 0 = -0*t - 5*t + g. What are the prime factors of t?
3, 5
Let y be ((-4)/5)/(1/(-20)). Suppose -a + y = a. What are the prime factors of a?
2
Suppose 5*x = -c - 2*c + 36, 0 = 5*x - 5*c - 20. What are the prime factors of x?
2, 3
List the prime factors of 3/6*22 + -3.
2
Suppose 9 - 25 = -4*h. Let z be 2/(-6) - (-46)/(-6). What are the prime factors of h/z + (-13)/(-2)?
2, 3
Let b(c) = -c - 11. Let z be b(-12). List the prime factors of z/(1/(38 + -3)).
5, 7
Let s(u) = -3*u - 4. Suppose -m = -2*m - 7. Let l be s(m). Let d = l + -1. List the prime factors of d.
2
Suppose 3*t - 3 = 3. Suppose -55 = -u + q, t*u + 0*q = 5*q + 119. Suppose f + 3*f = u. What are the prime factors of f?
13
Suppose 1106 = 4*s - 2*w, 0 = 3*s - 7*s + 3*w + 1109. List the prime factors of s.
5, 11
Let s(w) = 217*w**3 - 3*w**2 + 4*w - 1. What are the prime factors of s(1)?
7, 31
What are the prime factors of (-48)/10*(8 + -13)?
2, 3
Suppose -3*u - 1 + 7 = 0. Suppose b + 14 = u*b - 2*l, 5*l = -3*b - 13. What are the prime factors of b?
2
Let g(r) = 18 - r + r**3 + 0*r**3 + 2. What are the prime factors of g(0)?
2, 5
Let t be 8 + -3 - (-1 + 4). Suppose -6*y = -t*y - 64. What are the prime factors of y?
2
Suppose -2*x + 403 = 4*s + 3*x, 0 = -s + 4*x + 127. Suppose 0 = 2*f + 4*b + 25 - 79, 4*b = 5*f - s. Let m = -6 + f. What are the prime factors of m?
17
Let y(j) = -j - 2. Let o(a) = -a - 3. Let v(s) = 5*o(s) - 6*y(s). Let b be v(5). Suppose -b*h + 5*h = 18. List the prime factors of h.
2, 3
Let t(u) = u**3 + 5*u**2 - 6*u + 3. Let h be t(-6). Suppose -5*p = -k + 4, -4*p + 8*p = -h*k + 31. List the prime factors of k.
3
Suppose 0 = -2*m - m + 696. List the prime factors of m.
2, 29
Let h = -28 + 2. Let y = 54 + h. List the prime factors of y.
2, 7
List the prime factors of 3*129/(-6)*-2.
3, 43
Let b(h) be the first derivative of -h**3/3 + 5*h**2/2 + 2. Let q be b(4). List the prime factors of 7/2 - (-2)/q.
2
Let w = 16 + -6. Let q be (-2)/(-11) - w/55. Suppose d + 3*d = -2*m + 64, -d + 5*m + 16 = q. What are the prime factors of d?
2
Let q(o) = -o**2 + 10*o - 8. Let z be q(14). List the prime factors of z/(-48)*48/2.
2
Suppose -1 - 4 = -q. Let n be 3/9 + (-202)/(-6). Suppose 3*k - 7*k = 2*t - 46, -k - q*t = -n. What are the prime factors of k?
3
Let p = -9 + 44. Suppose -1 = -2*j + p. List the prime factors of j.
2, 3
Suppose 0 = j - 0 - 24. List the prime factors of j.
2, 3
Suppose 0 = 4*h - 2*h - 4. Let o = h + -3. List the prime factors of (-4 - o/1) + 16.
13
Let x(w) be the third derivative of 0*w + 1/30*w**5 - 1/2*w**3 + 0 - 1/12*w**4 + 2*w**2. What are the prime factors of x(3)?
3
Suppose 60 - 410 = -2*i. What are the prime factors of i?
5, 7
Let g be (-8)/(-20) - 656/(-10). Let o = -45 + g. What are the prime factors of o?
3, 7
Let p(a) = -3*a - 2. Let s(b) = -6*b - 4. Let v(r) = 10*p(r) - 4*s(r). Let q be v(-3). Let w = q + -6. List the prime factors of w.
2
Suppose 2*a + 2 = 4*p + 38, -42 = -3*a + 3*p. Suppose 3*t + 5*s = 119, t = 3*s + 22 + 13. Suppose -3*q + a + t = 0. What are the prime factors of q?
2
Let l(d) = d**2 + 3*d - 2. Suppose 0 = 3*k + 12, 5*k = 2*c - 0*k - 10. Let s be l(c). Suppose 5*i = -x - s, 2*i + 0*i - 16 = -2*x. List the prime factors of x.
2, 3
Suppose -2*y + 3*y = 0. Suppose y*l - 32 = -z - 5*l, 116 = 5*z + 3*l. List the prime factors of z.
2, 11
Suppose -23 = -j - 4*s + 9, 0 = -j - 3*s + 28. What are the prime factors of j?
2
Let y(t) = t - 5. Let q be y(8). Suppose 3*l + 3*h + 15 = 0, 4*l - q*h = 18 - 3. Suppose l*m = -3*m + 12. What are the prime factors of m?
2
Suppose 0 = 2*y - 6 - 0. Suppose 3*g - 58 = -2*f - 2*f, -y*g - f = -46. List the prime factors of g.
2, 7
Let j = 12 - -32. What are the prime factors of j?
2, 11
Suppose 2*n + 2*g - 9 = 5, -n + 4*g = 18. Suppose n*l + 0*l = 0. Suppose l = -r - r + 20. What are the prime factors of r?
2, 5
Suppose -4*x = -2*l + 50, -l + 0*x + 5*x = -22. List the prime factors of l.
3
Suppose 3*f - 8 - 7 = 0. Suppose 20 = f*j - 5*h - 25, 2*j - 5*h - 24 = 0. What are the prime factors of j?
7
Let l(a) = -a. Let o be l(0). Suppose 0 = 2*k - o - 24. What are the prime factors of k?
2, 3
Let c(h) = -h**3 - 2*h**2 - 2*h - 4. Let r be c(-2). Suppose -5*k - 4*m = -78 - 141, r = -5*k - 5*m + 220. What are the prime factors of k?
43
Suppose 4*q - 8 = 24. Suppose -5*c = -3*c + q. Let a(x) = -x**2 - 4*x + 3. What are the prime factors of a(c)?
3
What are the prime factors of (7/(-42))/(1/(-6)) - -25?
2, 13
Let b(y) = 3*y - 1. Suppose r + 4*z = 16, -4*r - z + 11 + 8 = 0. List the prime factors of b(r).
11
Suppose 3*l - 14 = l. Suppose 5*o - l*z - 40 = -2*z, 2*o - 20 = -2*z. What are the prime factors of o?
3
Suppose 0 = -2*m - 3*m + 3*z + 215, 4*z - 204 = -4*m. Suppose 2 = -2*o + m. List the prime factors of o.
2, 11
Suppose -3*v + 57 - 11 = 4*m, 0 = -5*v + 3*m + 125. Suppose -3*r + 2*l + v = -2*r, 5*r - 4*l - 98 = 0. What are the prime factors of r?
2, 3
Let n(z) = -2*z**2 + 35*z - 25. Let u(p) = -p**2 + 18*p - 13. Let k(g) = 3*n(g) - 5*u(g). List the prime factors of k(12).
2, 13
Suppose -2*l + 22 + 54 = 0. Suppose 3*q = 110 - l. What are the prime factors of q?
2, 3
Let s = 26 - -7. What are the prime factors of s?
3, 11
Suppose 0 = 2*s - 10 - 0. Suppose 1 - s = -2*t. Suppose b + 2*f - 6*f - 22 = 0, t*b - 17 = -f. List the prime factors of b.
2, 5
Suppose 0 = 5*m + 8 - 318. What are the prime factors of m?
2, 31
List the prime factors of ((-20)/6*-3)/((-6)/(-9)).
3, 5
Suppose 2*d - 9 = -3*f, 20 = 4*d + f + 7. Let n be 2/(d*2/48). Suppose -2*o = -r + 15, -4*r = -2*r + 3*o - n. What are the prime factors of r?
11
Let w(y) = -y + 2. Let i be w(0). Suppose 0*c - 82 = -2*p + i*c, 5*p + c - 199 = 0. What are the prime factors of p?
2, 5
Suppose -2*x + 34 = -7*x + 3*u, x - u + 8 = 0. Let n = 7 + x. Suppose -13 = -s - 3*a, -5*a + 9 = -n*s + 2. List the prime factors of s.
2
Suppose 3*u = -2*u + 50. Suppose -12*b + 10*b = -u. List the prime factors of b.
5
Suppose k = -4*u + 21, -6 = k - 2*k + u. Let l(q) = q - 4. List the prime factors of l(k).
5
Let l be 4/(-8) - (-18)/4. Let n = 6 - 10. What are the prime factors of (l/(-8))/(1/n)?
2
Suppose 0*g - 18 = -4*k + 2*g, 3*k - 21 = -g. Let r = k + -12. Let h = r - -12. List the prime factors of h.
2, 3
Let u(d) = 4*d + 44. What are the prime factors of u(11)?
2, 11
Suppose 7*d - 2 = 6*d. Suppose 0 = -d*g + u + 15, -2*g + 3*u - 5 = -6*g. Suppose -2*i = 2*q - 30, -g*q + 13 = 3*i - 26. What are the prime factors of i?
2, 3
Let q(u) = -u + 3. Let l be q(11). Let s(y) = -y**3 - 8*y**2 - 2*y - 2. What are 